{"id":35,"date":"2025-12-07T22:19:02","date_gmt":"2025-12-07T21:19:02","guid":{"rendered":"https:\/\/rando-montreteau.fr\/index.php\/actualites\/"},"modified":"2025-12-07T22:40:16","modified_gmt":"2025-12-07T21:40:16","slug":"actualites","status":"publish","type":"page","link":"https:\/\/rando-montreteau.fr\/index.php\/actualites\/","title":{"rendered":"Actualit\u00e9s"},"content":{"rendered":"\n<div class=\"wp-block-query is-layout-flow wp-block-query-is-layout-flow\"><ul class=\"wp-block-post-template is-layout-flow wp-block-post-template-is-layout-flow\"><li class=\"wp-block-post post-43 post type-post status-publish format-standard has-post-thumbnail hentry category-non-classe\">\n<figure class=\"wp-block-post-featured-image\"><a href=\"https:\/\/rando-montreteau.fr\/index.php\/2025\/11\/16\/sortie-sur-les-chemins-de-dehault-ce-matin\/\" target=\"_self\"  ><img loading=\"lazy\" decoding=\"async\" width=\"1200\" height=\"900\" src=\"https:\/\/rando-montreteau.fr\/wp-content\/uploads\/2025\/12\/1763329714249-Personnalise-1.jpg\" class=\"attachment-post-thumbnail size-post-thumbnail wp-post-image\" alt=\"Sortie sur les chemins de Dehault ce matin\" style=\"object-fit:cover;\" srcset=\"https:\/\/rando-montreteau.fr\/wp-content\/uploads\/2025\/12\/1763329714249-Personnalise-1.jpg 1200w, https:\/\/rando-montreteau.fr\/wp-content\/uploads\/2025\/12\/1763329714249-Personnalise-1-300x225.jpg 300w, https:\/\/rando-montreteau.fr\/wp-content\/uploads\/2025\/12\/1763329714249-Personnalise-1-1024x768.jpg 1024w, https:\/\/rando-montreteau.fr\/wp-content\/uploads\/2025\/12\/1763329714249-Personnalise-1-768x576.jpg 768w, https:\/\/rando-montreteau.fr\/wp-content\/uploads\/2025\/12\/1763329714249-Personnalise-1-600x450.jpg 600w\" sizes=\"auto, (max-width: 1200px) 100vw, 1200px\" \/><\/a><\/figure>\n\n<div class=\"wp-block-post-date\"><time datetime=\"2025-11-16T22:24:00+01:00\">16 novembre 2025<\/time><\/div>\n\n<h2 class=\"wp-block-post-title\">Sortie sur les chemins de Dehault ce matin<\/h2>\n<\/li><li class=\"wp-block-post post-77 post type-post status-publish format-standard has-post-thumbnail hentry category-non-classe\">\n<figure class=\"wp-block-post-featured-image\"><a href=\"https:\/\/rando-montreteau.fr\/index.php\/2025\/10\/30\/assemblee-generale-du-30-octobre-2025-des-randonneurs-du-montreteau\/\" target=\"_self\"  ><img loading=\"lazy\" decoding=\"async\" width=\"922\" height=\"614\" src=\"https:\/\/rando-montreteau.fr\/wp-content\/uploads\/2025\/12\/ag-Personnalise.png\" class=\"attachment-post-thumbnail size-post-thumbnail wp-post-image\" alt=\"Assembl\u00e9e G\u00e9n\u00e9rale du 30 octobre 2025 des Randonneurs du Montreteau\" style=\"object-fit:cover;\" srcset=\"https:\/\/rando-montreteau.fr\/wp-content\/uploads\/2025\/12\/ag-Personnalise.png 922w, https:\/\/rando-montreteau.fr\/wp-content\/uploads\/2025\/12\/ag-Personnalise-300x200.png 300w, https:\/\/rando-montreteau.fr\/wp-content\/uploads\/2025\/12\/ag-Personnalise-768x511.png 768w, https:\/\/rando-montreteau.fr\/wp-content\/uploads\/2025\/12\/ag-Personnalise-600x400.png 600w\" sizes=\"auto, (max-width: 922px) 100vw, 922px\" \/><\/a><\/figure>\n\n<div class=\"wp-block-post-date\"><time datetime=\"2025-10-30T22:31:29+01:00\">30 octobre 2025<\/time><\/div>\n\n<h2 class=\"wp-block-post-title\">Assembl\u00e9e G\u00e9n\u00e9rale du 30 octobre 2025 des Randonneurs du Montreteau<\/h2>\n<\/li><\/ul>\n\n\n\n<\/div>\n","protected":false},"excerpt":{"rendered":"","protected":false},"author":1,"featured_media":0,"parent":0,"menu_order":0,"comment_status":"closed","ping_status":"closed","template":"","meta":{"footnotes":""},"class_list":["post-35","page","type-page","status-publish","hentry"],"_links":{"self":[{"href":"https:\/\/rando-montreteau.fr\/index.php\/wp-json\/wp\/v2\/pages\/35","targetHints":{"allow":["GET"]}}],"collection":[{"href":"https:\/\/rando-montreteau.fr\/index.php\/wp-json\/wp\/v2\/pages"}],"about":[{"href":"https:\/\/rando-montreteau.fr\/index.php\/wp-json\/wp\/v2\/types\/page"}],"author":[{"embeddable":true,"href":"https:\/\/rando-montreteau.fr\/index.php\/wp-json\/wp\/v2\/users\/1"}],"replies":[{"embeddable":true,"href":"https:\/\/rando-montreteau.fr\/index.php\/wp-json\/wp\/v2\/comments?post=35"}],"version-history":[{"count":3,"href":"https:\/\/rando-montreteau.fr\/index.php\/wp-json\/wp\/v2\/pages\/35\/revisions"}],"predecessor-version":[{"id":81,"href":"https:\/\/rando-montreteau.fr\/index.php\/wp-json\/wp\/v2\/pages\/35\/revisions\/81"}],"wp:attachment":[{"href":"https:\/\/rando-montreteau.fr\/index.php\/wp-json\/wp\/v2\/media?parent=35"}],"curies":[{"name":"wp","href":"https:\/\/api.w.org\/{rel}","templated":true}]}}