{"id":13,"date":"2025-12-04T22:53:53","date_gmt":"2025-12-04T21:53:53","guid":{"rendered":"https:\/\/rando-montreteau.fr\/?post_type=product&#038;p=13"},"modified":"2025-12-11T21:04:13","modified_gmt":"2025-12-11T20:04:13","slug":"dossard-course-enfants-500-m-dehault-jeunes-5-ans","status":"publish","type":"product","link":"https:\/\/rando-montreteau.fr\/index.php\/produit\/dossard-course-enfants-500-m-dehault-jeunes-5-ans\/","title":{"rendered":"Dossard Course Enfants 500 m Dehault \u2013 Jeunes >5 ans"},"content":{"rendered":"<p>La course de 0,5 km est pens\u00e9e pour les plus jeunes, d\u00e8s 5 ans. Sur un trajet tr\u00e8s court et s\u00e9curis\u00e9, les enfants peuvent vivre l\u2019excitation d\u2019une \u201cvraie\u201d course tout en \u00e9tant encadr\u00e9s par des b\u00e9n\u00e9voles.<br data-start=\"3079\" data-end=\"3082\" \/>Cette \u00e9preuve se d\u00e9roule autour de la salle des f\u00eates, dans une ambiance joyeuse et familiale. Une m\u00e9daille est remise \u00e0 chaque participant.<\/p>\n","protected":false},"excerpt":{"rendered":"<p data-start=\"2754\" data-end=\"2850\">Une petite course de 500 m destin\u00e9e aux enfants \u00e0 partir de 5 ans. Ludique, courte, et encadr\u00e9e.<\/p>\n","protected":false},"featured_media":106,"comment_status":"open","ping_status":"closed","template":"","meta":[],"product_brand":[],"product_cat":[16],"product_tag":[],"class_list":{"0":"post-13","1":"product","2":"type-product","3":"status-publish","4":"has-post-thumbnail","6":"product_cat-dossards","8":"first","9":"instock","10":"virtual","11":"purchasable","12":"product-type-simple"},"_links":{"self":[{"href":"https:\/\/rando-montreteau.fr\/index.php\/wp-json\/wp\/v2\/product\/13","targetHints":{"allow":["GET"]}}],"collection":[{"href":"https:\/\/rando-montreteau.fr\/index.php\/wp-json\/wp\/v2\/product"}],"about":[{"href":"https:\/\/rando-montreteau.fr\/index.php\/wp-json\/wp\/v2\/types\/product"}],"replies":[{"embeddable":true,"href":"https:\/\/rando-montreteau.fr\/index.php\/wp-json\/wp\/v2\/comments?post=13"}],"wp:featuredmedia":[{"embeddable":true,"href":"https:\/\/rando-montreteau.fr\/index.php\/wp-json\/wp\/v2\/media\/106"}],"wp:attachment":[{"href":"https:\/\/rando-montreteau.fr\/index.php\/wp-json\/wp\/v2\/media?parent=13"}],"wp:term":[{"taxonomy":"product_brand","embeddable":true,"href":"https:\/\/rando-montreteau.fr\/index.php\/wp-json\/wp\/v2\/product_brand?post=13"},{"taxonomy":"product_cat","embeddable":true,"href":"https:\/\/rando-montreteau.fr\/index.php\/wp-json\/wp\/v2\/product_cat?post=13"},{"taxonomy":"product_tag","embeddable":true,"href":"https:\/\/rando-montreteau.fr\/index.php\/wp-json\/wp\/v2\/product_tag?post=13"}],"curies":[{"name":"wp","href":"https:\/\/api.w.org\/{rel}","templated":true}]}}