{"id":19,"date":"2025-12-04T23:02:42","date_gmt":"2025-12-04T22:02:42","guid":{"rendered":"https:\/\/rando-montreteau.fr\/?post_type=product&#038;p=19"},"modified":"2026-03-25T17:50:46","modified_gmt":"2026-03-25T16:50:46","slug":"dossard-randonnee-5-km-dehault-marche-nature-montreteau","status":"publish","type":"product","link":"https:\/\/rando-montreteau.fr\/index.php\/produit\/dossard-randonnee-5-km-dehault-marche-nature-montreteau\/","title":{"rendered":"Dossard Randonn\u00e9e 5 km Dehault \u2013 Marche nature Montreteau"},"content":{"rendered":"<p>La randonn\u00e9e de 5 km propose un itin\u00e9raire facile et ouvert \u00e0 tous, id\u00e9al pour celles et ceux qui souhaitent marcher tranquillement tout en d\u00e9couvrant les chemins communaux entretenus par l\u2019association.<br data-start=\"1409\" data-end=\"1412\" \/>Le d\u00e9part s\u2019effectue \u00e0 la salle des f\u00eates, avec un ravitaillement \u00e0 l\u2019arriv\u00e9e.<br data-start=\"1490\" data-end=\"1493\" \/>C\u2019est l\u2019occasion parfaite de participer \u00e0 l\u2019\u00e9v\u00e9nement sans pression, dans une ambiance conviviale au c\u0153ur de la nature.<\/p>\n<p><strong>D\u00e9part \u00e0 10h40 de la salle des f\u00eates de Dehault<\/strong><\/p>\n<p>Profil<\/p>\n<p><img loading=\"lazy\" decoding=\"async\" class=\"alignnone size-medium wp-image-101\" src=\"https:\/\/rando-montreteau.fr\/wp-content\/uploads\/2025\/12\/profil5k-300x174.png\" alt=\"\" width=\"300\" height=\"174\" srcset=\"https:\/\/rando-montreteau.fr\/wp-content\/uploads\/2025\/12\/profil5k-300x174.png 300w, https:\/\/rando-montreteau.fr\/wp-content\/uploads\/2025\/12\/profil5k-600x347.png 600w, https:\/\/rando-montreteau.fr\/wp-content\/uploads\/2025\/12\/profil5k.png 714w\" sizes=\"auto, (max-width: 300px) 100vw, 300px\" \/><\/p>\n<p>Parcours<\/p>\n<p><img loading=\"lazy\" decoding=\"async\" class=\"alignnone size-medium wp-image-102\" src=\"https:\/\/rando-montreteau.fr\/wp-content\/uploads\/2025\/12\/parcours5k-300x197.jpg\" alt=\"\" width=\"300\" height=\"197\" srcset=\"https:\/\/rando-montreteau.fr\/wp-content\/uploads\/2025\/12\/parcours5k-300x197.jpg 300w, https:\/\/rando-montreteau.fr\/wp-content\/uploads\/2025\/12\/parcours5k-1024x672.jpg 1024w, https:\/\/rando-montreteau.fr\/wp-content\/uploads\/2025\/12\/parcours5k-768x504.jpg 768w, https:\/\/rando-montreteau.fr\/wp-content\/uploads\/2025\/12\/parcours5k-1536x1008.jpg 1536w, https:\/\/rando-montreteau.fr\/wp-content\/uploads\/2025\/12\/parcours5k-2048x1345.jpg 2048w, https:\/\/rando-montreteau.fr\/wp-content\/uploads\/2025\/12\/parcours5k-600x394.jpg 600w\" sizes=\"auto, (max-width: 300px) 100vw, 300px\" \/><\/p>\n<p><a href=\"https:\/\/connect.garmin.com\/modern\/course\/421435599\">D\u00e9tail du parcours<\/a><\/p>\n","protected":false},"excerpt":{"rendered":"<p data-start=\"1044\" data-end=\"1181\">*****Tarif jusqu&rsquo;au 30 avril : 5 \u20ac*****<\/p>\n<p data-start=\"1044\" data-end=\"1181\">D\u00e9couvrez un parcours de 5 km sur les chemins de Dehault, accessible \u00e0 tous. Parfait pour profiter de la nature en famille, entre amis ou entre voisins.<\/p>\n","protected":false},"featured_media":107,"comment_status":"open","ping_status":"closed","template":"","meta":[],"product_brand":[],"product_cat":[16],"product_tag":[],"class_list":{"0":"post-19","1":"product","2":"type-product","3":"status-publish","4":"has-post-thumbnail","6":"product_cat-dossards","8":"first","9":"instock","10":"sale","11":"virtual","12":"purchasable","13":"product-type-simple"},"_links":{"self":[{"href":"https:\/\/rando-montreteau.fr\/index.php\/wp-json\/wp\/v2\/product\/19","targetHints":{"allow":["GET"]}}],"collection":[{"href":"https:\/\/rando-montreteau.fr\/index.php\/wp-json\/wp\/v2\/product"}],"about":[{"href":"https:\/\/rando-montreteau.fr\/index.php\/wp-json\/wp\/v2\/types\/product"}],"replies":[{"embeddable":true,"href":"https:\/\/rando-montreteau.fr\/index.php\/wp-json\/wp\/v2\/comments?post=19"}],"wp:featuredmedia":[{"embeddable":true,"href":"https:\/\/rando-montreteau.fr\/index.php\/wp-json\/wp\/v2\/media\/107"}],"wp:attachment":[{"href":"https:\/\/rando-montreteau.fr\/index.php\/wp-json\/wp\/v2\/media?parent=19"}],"wp:term":[{"taxonomy":"product_brand","embeddable":true,"href":"https:\/\/rando-montreteau.fr\/index.php\/wp-json\/wp\/v2\/product_brand?post=19"},{"taxonomy":"product_cat","embeddable":true,"href":"https:\/\/rando-montreteau.fr\/index.php\/wp-json\/wp\/v2\/product_cat?post=19"},{"taxonomy":"product_tag","embeddable":true,"href":"https:\/\/rando-montreteau.fr\/index.php\/wp-json\/wp\/v2\/product_tag?post=19"}],"curies":[{"name":"wp","href":"https:\/\/api.w.org\/{rel}","templated":true}]}}