{"id":21,"date":"2025-12-04T23:03:52","date_gmt":"2025-12-04T22:03:52","guid":{"rendered":"https:\/\/rando-montreteau.fr\/?post_type=product&#038;p=21"},"modified":"2026-03-31T17:02:09","modified_gmt":"2026-03-31T15:02:09","slug":"dossard-10-km-dehault-course-sur-route-10k2do","status":"publish","type":"product","link":"https:\/\/rando-montreteau.fr\/index.php\/produit\/dossard-10-km-dehault-course-sur-route-10k2do\/","title":{"rendered":"Dossard 10 km Dehault \u2013 Course sur route 10k2DO"},"content":{"rendered":"<p data-start=\"514\" data-end=\"984\">La course sur route 10 km \u00ab 10k2DO \u00bb vous propose un parcours agr\u00e9able et accessible autour de Dehault. Que vous soyez \u00e0 la recherche d\u2019un nouveau record personnel ou simplement d\u2019une course conviviale en pleine campagne, cette \u00e9preuve est faite pour vous.<br data-start=\"770\" data-end=\"773\" \/>Le d\u00e9part et l\u2019arriv\u00e9e se font \u00e0 la salle des f\u00eates. Un ravitaillement est pr\u00e9vu \u00e0 mi-parcours, ainsi qu\u2019\u00e0 l\u2019arriv\u00e9e.<br data-start=\"890\" data-end=\"893\" \/>Rejoignez-nous pour une matin\u00e9e sportive et chaleureuse au c\u0153ur de la vall\u00e9e du Montreteau.<\/p>\n<p data-start=\"514\" data-end=\"984\"><strong>D\u00e9part \u00e0 10h25 de la salle des f\u00eates de Dehault<\/strong><\/p>\n<p data-start=\"514\" data-end=\"984\">Profil<\/p>\n<p data-start=\"514\" data-end=\"984\"><img loading=\"lazy\" decoding=\"async\" class=\"alignnone size-medium wp-image-98\" src=\"https:\/\/rando-montreteau.fr\/wp-content\/uploads\/2025\/12\/profile10k-300x149.png\" alt=\"\" width=\"300\" height=\"149\" srcset=\"https:\/\/rando-montreteau.fr\/wp-content\/uploads\/2025\/12\/profile10k-300x149.png 300w, https:\/\/rando-montreteau.fr\/wp-content\/uploads\/2025\/12\/profile10k-768x380.png 768w, https:\/\/rando-montreteau.fr\/wp-content\/uploads\/2025\/12\/profile10k-600x297.png 600w, https:\/\/rando-montreteau.fr\/wp-content\/uploads\/2025\/12\/profile10k.png 854w\" sizes=\"auto, (max-width: 300px) 100vw, 300px\" \/><\/p>\n<p data-start=\"514\" data-end=\"984\">Parcours<\/p>\n<p data-start=\"514\" data-end=\"984\"><img loading=\"lazy\" decoding=\"async\" class=\"alignnone size-medium wp-image-99\" src=\"https:\/\/rando-montreteau.fr\/wp-content\/uploads\/2025\/12\/parcours10k-300x160.jpg\" alt=\"\" width=\"300\" height=\"160\" srcset=\"https:\/\/rando-montreteau.fr\/wp-content\/uploads\/2025\/12\/parcours10k-300x160.jpg 300w, https:\/\/rando-montreteau.fr\/wp-content\/uploads\/2025\/12\/parcours10k-1024x547.jpg 1024w, https:\/\/rando-montreteau.fr\/wp-content\/uploads\/2025\/12\/parcours10k-768x410.jpg 768w, https:\/\/rando-montreteau.fr\/wp-content\/uploads\/2025\/12\/parcours10k-1536x821.jpg 1536w, https:\/\/rando-montreteau.fr\/wp-content\/uploads\/2025\/12\/parcours10k-2048x1094.jpg 2048w, https:\/\/rando-montreteau.fr\/wp-content\/uploads\/2025\/12\/parcours10k-600x321.jpg 600w\" sizes=\"auto, (max-width: 300px) 100vw, 300px\" \/><\/p>\n<p><a href=\"https:\/\/connect.garmin.com\/modern\/course\/421148186\">D\u00e9tail du parcours<\/a><\/p>\n","protected":false},"excerpt":{"rendered":"<p style=\"text-align: left;\">*****Tarif jusqu&rsquo;au 30 avril : 10 \u20ac*****<\/p>\n<p>Participez \u00e0 la course sur route 10 km \u00ab 10k2DO \u00bb et vivez un parcours dynamique autour de Dehault. Une \u00e9preuve id\u00e9ale pour les coureurs confirm\u00e9s et les amateurs de d\u00e9fis.<\/p>\n","protected":false},"featured_media":108,"comment_status":"open","ping_status":"closed","template":"","meta":[],"product_brand":[],"product_cat":[16],"product_tag":[],"class_list":{"0":"post-21","1":"product","2":"type-product","3":"status-publish","4":"has-post-thumbnail","6":"product_cat-dossards","8":"first","9":"instock","10":"sale","11":"virtual","12":"purchasable","13":"product-type-simple"},"_links":{"self":[{"href":"https:\/\/rando-montreteau.fr\/index.php\/wp-json\/wp\/v2\/product\/21","targetHints":{"allow":["GET"]}}],"collection":[{"href":"https:\/\/rando-montreteau.fr\/index.php\/wp-json\/wp\/v2\/product"}],"about":[{"href":"https:\/\/rando-montreteau.fr\/index.php\/wp-json\/wp\/v2\/types\/product"}],"replies":[{"embeddable":true,"href":"https:\/\/rando-montreteau.fr\/index.php\/wp-json\/wp\/v2\/comments?post=21"}],"wp:featuredmedia":[{"embeddable":true,"href":"https:\/\/rando-montreteau.fr\/index.php\/wp-json\/wp\/v2\/media\/108"}],"wp:attachment":[{"href":"https:\/\/rando-montreteau.fr\/index.php\/wp-json\/wp\/v2\/media?parent=21"}],"wp:term":[{"taxonomy":"product_brand","embeddable":true,"href":"https:\/\/rando-montreteau.fr\/index.php\/wp-json\/wp\/v2\/product_brand?post=21"},{"taxonomy":"product_cat","embeddable":true,"href":"https:\/\/rando-montreteau.fr\/index.php\/wp-json\/wp\/v2\/product_cat?post=21"},{"taxonomy":"product_tag","embeddable":true,"href":"https:\/\/rando-montreteau.fr\/index.php\/wp-json\/wp\/v2\/product_tag?post=21"}],"curies":[{"name":"wp","href":"https:\/\/api.w.org\/{rel}","templated":true}]}}